t is -1a3d (base 14) in base 13?
-2221
Convert 1300 (base 6) to base 9.
400
-733 (base 12) to base 5
-13142
32d2 (base 16) to base 13
5bca
-6df5 (base 16) to base 13
-ca74
Convert 263d (base 15) to base 6.
101434
Convert -54 (base 8) to base 7.
-62
Convert 3230 (base 5) to base 11.
370
What is -2426 (base 7) in base 10?
-902
43b (base 12) to base 15
2b8
Convert -692 (base 10) to base 13.
-413
-c0a (base 13) to base 14
-a58
What is -24a (base 14) in base 6?
-2042
What is -5616 (base 10) in base 13?
-2730
-1048 (base 14) to base 8
-5370
What is 1f52 (base 16) in base 13?
385a
420 (base 10) to base 8
644
Convert -24532 (base 6) to base 8.
-7110
Convert 1112002 (base 4) to base 16.
1582
Convert 1301220 (base 4) to base 3.
100222100
7363 (base 9) to base 6
41003
Convert -120100221 (base 3) to base 6.
-123511
What is 111101001001 (base 2) in base 8?
7511
Convert 2547 (base 9) to base 16.
772
-154030 (base 6) to base 7
-62064
What is -ed6 (base 16) in base 8?
-7326
1442 (base 9) to base 6
5015
What is -310201 (base 4) in base 15?
-ee1
5956 (base 12) to base 13
4725
What is -1c4 (base 14) in base 10?
-368
Convert -1062 (base 10) to base 13.
-639
-149d (base 15) to base 6
-32251
Convert -212112121 (base 3) to base 14.
-637b
3210 (base 9) to base 3
10020100
What is -15090 (base 11) in base 6?
-243015
Convert 121121 (base 5) to base 6.
33000
-410144 (base 5) to base 15
-3d84
What is -352222 (base 6) in base 12?
-15672
-389 (base 11) to base 15
-20a
614 (base 14) to base 4
102222
What is -1ad (base 14) in base 7?
-1006
What is 10311 (base 5) in base 3?
222011
63 (base 11) to base 13
54
What is 4541 (base 11) in base 3?
22012021
Convert c03 (base 16) to base 9.
4186
295b (base 12) to base 4
1023113
-1011 (base 15) to base 14
-1343
10010011 (base 2) to base 5
1042
What is 354 (base 10) in base 3?
111010
What is a0ba (base 12) in base 10?
17422
Convert 5874 (base 14) to base 11.
10621
What is -33013 (base 5) in base 11?
-1773
Convert -e6e (base 15) to base 10.
-3254
-1102400 (base 6) to base 15
-11473
What is -687c (base 14) in base 12?
-a5ba
What is 2101120 (base 5) in base 8?
103347
Convert 2134 (base 5) to base 6.
1210
What is -53335 (base 6) in base 4?
-1301123
What is -363 (base 11) in base 14?
-22c
-33101 (base 7) to base 5
-231112
7372 (base 9) to base 16
1523
-5ab (base 14) to base 4
-101223
-322051 (base 6) to base 8
-63417
10233301 (base 4) to base 13
8b06
What is -14d3c (base 15) in base 11?
-46467
Convert -42052 (base 8) to base 10.
-17450
What is 10321 (base 6) in base 8?
2611
330 (base 11) to base 9
480
2301 (base 4) to base 10
177
What is 5d (base 16) in base 3?
10110
Convert -2010 (base 7) to base 16.
-2b5
What is -2c2 (base 13) in base 3?
-200101
Convert 116024 (base 7) to base 8.
51444
Convert 3420402 (base 5) to base 10.
60727
10111010 (base 2) to base 10
186
Convert -3187 (base 11) to base 5.
-113314
Convert 264 (base 9) to base 8.
334
Convert -8a6 (base 15) to base 3.
-2200110
What is 3c (base 13) in base 4?
303
-1550 (base 10) to base 11
-118a
What is -11120021 (base 3) in base 2?
-110100000000
What is 33333 (base 5) in base 2?
100100100111
What is 692 (base 12) in base 7?
2561
What is cc (base 16) in base 15?
d9
1738 (base 10) to base 14
8c2
What is 1b (base 13) in base 5?
44
202 (base 5) to base 7
103
Convert -23b (base 14) to base 6.
-2021
Convert 202021 (base 3) to base 2.
1000100011
What is dd (base 14) in base 5?
1240
What is 1002000120 (base 3) in base 14?
79d2
Convert 10331 (base 6) to base 13.
856
10111101101011 (base 2) to base 4
2331223
Convert -3996 (base 14) to base 5.
-311003
162 (base 16) to base 15
189
655 (base 13) to base 2
10000111100
43a (base 11) to base 4
20033
-92 (base 11) to base 6
-245
Convert c1a (base 14) to base 7.
6633
Convert -34324 (base 5) to base 10.
-2464
Convert 11100111 (base 2) to base 9.
276
What is -20452 (base 9) in base 13?
-61ac
1bd (base 15) to base 6
1511
What is 353 (base 8) in base 14?
12b
What is 13a (base 14) in base 16?
f8
Convert 2111213 (base 4) to base 10.
9575
Convert -469 (base 10) to base 7.
-1240
Convert -59b0 (base 13) to base 16.
-3169
What is -2411 (base 10) in base 16?
-96b
Convert -604 (base 9) to base 16.
-1ea
33673 (base 9) to base 11
15934
Convert -140 (base 13) to base 11.
-191
118c (base 13) to base 7
10144
What is -313320 (base 5) in base 16?
-28dc
What is -85a6 (base 13) in base 16?
-487d
4633 (base 8) to base 15
ade
30353 (base 11) to base 8
126470
Convert 10aa (base 13) to base 4.
210201
Convert 300323 (base 5) to base 8.
22367
What is -2363 (base 7) in base 10?
-878
What is -11565 (base 7) in base 3?
-11011110
Convert 10001111100 (base 2) to base 5.
14043
a46 (base 13) to base 14
8cc
Convert -7382 (base 10) to base 4.
-1303112
11012 (base 4) to base 9
402
Convert -11001010 (base 2) to base 3.
-21111
Convert -10213 (base 8) to base 9.
-5725
What is 125036 (base 8) in base 14?
11c2a
Convert -a149 (base 14) to base 3.
-1101222222
What is -1535 (base 7) in base 13?
-383
What is -33540 (base 7) in base 2?
-10000100111001
13010 (base 8) to base 6
42040
Convert 152524 (base 6) to base 4.
3220210
326 (base 10) to base 15
16b
437 (base 10) to base 4
12311
Convert 2425 (base 16) to base 2.
10010000100101
-6047 (base 12) to base 16
-28b7
What is c78 (base 13) in base 3?
2220210
Convert 3020122 (base 4) to base 2.
11001000011010
4897 (base 14) to base 12
7405
What is 230344 (base 6) in base 4?
10301320
What is -d39 (base 16) in base 3?
-11122101
What is -7518 (base 12) in base 8?
-31044
Convert 10001101111 (base 2) to base 16.
46f
-15544 (base 8) to base 2
-1101101100100
What is -14353 (base 6) in base 15?
-a36
Convert a034 (base 15) to base 4.
20100013
3365 (base 8) to base 13
a70
What is 41112 (base 5) in base 9?
3572
What is -20020020 (base 3) in base 6?
-33010
What is 17a28 (base 12) in base 7?
202004
Convert -616 (base 14) to base 11.
-998
-136156 (base 7) to base 15
-7b3d
52d9 (base 14) to base 10
14303
-100001110 (base 2) to base 10
-270
-1d7 (base 16) to base 7
-1242
What is -1122011 (base 4) in base 15?
-1a95
Convert -1001000110 (base 2) to base 12.
-406
122523 (base 6) to base 9
16066
What is -6400 (base 7) in base 5?
-33004
Convert 131330 (base 4) to base 9.
2558
What is -1003 (base 11) in base 5?
-20314
-3602 (base 8) to base 12
-1142
1c50 (base 16) to base 2
1110001010000
-185d (base 16) to base 3
-22120000
Convert -203b (base 12) to base 11.
-26a5
Convert 194 (base 11) to base 9.
268
-6c84 (base 16) to base 5
-1342110
3197 (base 10) to base 11
2447
Convert 136 (base 11) to base 8.
240
Convert -1210122 (base 3) to base 8.
-2441
-102a (base 16) to base 7
-15031
-301131 (base 5) to base 16
-2545
-10236 (base 7) to base 9
-3416
Convert 1001001000 (base 2) to base 16.
248
111344 (base 8) to base 10
37604
Convert -1a97 (base 12) to base 10.
-3283
1380 (base 13) to base 4
223320
What is -14307 (base 9) in base 7?
-40234
What is 67567 (base 8) in base 10?
28535
1122102 (base 3) to base 6
5315
What is 2010110 (base 4) in base 5?
232333
What is -141221 (base 5) in base 8?
-13263
Convert -2fd (base 16) to base 2.
-1011111101
What is -101122200 (base 3) in base 10?
-7767
-1302d (base 15) to base 16
-ed79
What is -1678 (base 10) in base 2?
-11010001110
28002 (base 9) to base 12
ab78
-2e2 (base 15) to base 13
-3bc
Convert -35332 (base 9) to base 10.
-23600
Convert -1011011101101 (base 2) to base 16.
-16ed
What is -110110111 (base 2) in base 11?
-36a
52165 (base 10) to base 4
30233011
What is -117114 (base 9) in base 3?
-10121010111
-111110 (base 5) to base 16
-f41
What is 2241 (base 8) in base 7?
3312
Convert -ab4 (base 15) to base 4.
-211303
-109b (base 12) to base 8
-3467
1213 (base 6) to base 3
102000
Convert 169c (base 14) to base 4.
333122
1102 (base 6) to base 14
142
Convert 111700 (base 8) to base 4.
21033000
Convert -15355 (base 10) to base 15.
-483a
Convert -995c (base 14) to base 5.
-1322132
243 (base 5) to base 11
67
Convert -11012 (base 3) to base 10.
-113
-2 (base 6) to base 15
-2
-211420 (base 5) to base 10
-7110
-b82 (base 13) to base 14
-a05
Convert 112220 (base 3) to base 14.
20a
Convert -13301 (base 4) to base 2.
-111110001
-288 (base 15) to base 10
-578
What is 231002 (base 4) in base 5?
43012
What is -9292 (base 13) in base 3?
-1000202021
Convert -202 (